s of 1747?
1747
What are the prime factors of 776?
2, 97
What are the prime factors of 2823?
3, 941
What are the prime factors of 8916?
2, 3, 743
List the prime factors of 1357.
23, 59
List the prime factors of 15.
3, 5
What are the prime factors of 1520?
2, 5, 19
List the prime factors of 998.
2, 499
List the prime factors of 22741.
22741
What are the prime factors of 17873?
61, 293
List the prime factors of 1929.
3, 643
List the prime factors of 25539.
3, 8513
What are the prime factors of 7129?
7129
List the prime factors of 6161.
61, 101
List the prime factors of 6846.
2, 3, 7, 163
What are the prime factors of 2135?
5, 7, 61
What are the prime factors of 280?
2, 5, 7
What are the prime factors of 1160?
2, 5, 29
What are the prime factors of 4938?
2, 3, 823
What are the prime factors of 4951?
4951
List the prime factors of 962.
2, 13, 37
What are the prime factors of 13113?
3, 31, 47
What are the prime factors of 4600?
2, 5, 23
List the prime factors of 1122.
2, 3, 11, 17
What are the prime factors of 16308?
2, 3, 151
List the prime factors of 45066.
2, 3, 7, 29, 37
List the prime factors of 11300.
2, 5, 113
What are the prime factors of 9468?
2, 3, 263
List the prime factors of 4820.
2, 5, 241
List the prime factors of 973.
7, 139
List the prime factors of 5174.
2, 13, 199
List the prime factors of 3140.
2, 5, 157
What are the prime factors of 102861?
3, 11, 1039
What are the prime factors of 966?
2, 3, 7, 23
What are the prime factors of 778?
2, 389
List the prime factors of 3359.
3359
What are the prime factors of 26363?
41, 643
What are the prime factors of 40124?
2, 7, 1433
What are the prime factors of 1571?
1571
List the prime factors of 11707.
23, 509
List the prime factors of 802.
2, 401
List the prime factors of 170.
2, 5, 17
List the prime factors of 1247.
29, 43
List the prime factors of 2292.
2, 3, 191
What are the prime factors of 28764?
2, 3, 17, 47
List the prime factors of 5535.
3, 5, 41
What are the prime factors of 83651?
23, 3637
What are the prime factors of 9252?
2, 3, 257
List the prime factors of 78.
2, 3, 13
What are the prime factors of 457?
457
List the prime factors of 103344.
2, 3, 2153
What are the prime factors of 4867?
31, 157
List the prime factors of 10723.
10723
What are the prime factors of 898?
2, 449
What are the prime factors of 1226?
2, 613
List the prime factors of 4770.
2, 3, 5, 53
List the prime factors of 8975.
5, 359
List the prime factors of 1973.
1973
List the prime factors of 1463.
7, 11, 19
List the prime factors of 56691.
3, 6299
What are the prime factors of 269?
269
What are the prime factors of 2?
2
What are the prime factors of 97?
97
What are the prime factors of 1556?
2, 389
What are the prime factors of 787?
787
What are the prime factors of 170698?
2, 11, 7759
What are the prime factors of 4239?
3, 157
List the prime factors of 66170.
2, 5, 13, 509
What are the prime factors of 3206?
2, 7, 229
What are the prime factors of 36680?
2, 5, 7, 131
List the prime factors of 1354.
2, 677
List the prime factors of 31822.
2, 7, 2273
List the prime factors of 18682.
2, 9341
List the prime factors of 6594.
2, 3, 7, 157
List the prime factors of 45.
3, 5
What are the prime factors of 1147?
31, 37
List the prime factors of 1441.
11, 131
List the prime factors of 1146.
2, 3, 191
What are the prime factors of 1098?
2, 3, 61
List the prime factors of 216.
2, 3
List the prime factors of 34334.
2, 17167
List the prime factors of 96194.
2, 7, 6871
What are the prime factors of 50370?
2, 3, 5, 23, 73
What are the prime factors of 7773?
3, 2591
List the prime factors of 2669.
17, 157
What are the prime factors of 1922?
2, 31
List the prime factors of 23272.
2, 2909
What are the prime factors of 58092?
2, 3, 47, 103
List the prime factors of 9046.
2, 4523
What are the prime factors of 1526?
2, 7, 109
What are the prime factors of 29512?
2, 7, 17, 31
What are the prime factors of 3791?
17, 223
What are the prime factors of 37300?
2, 5, 373
What are the prime factors of 132406?
2, 239, 277
What are the prime factors of 8096?
2, 11, 23
What are the prime factors of 40020?
2, 3, 5, 23, 29
List the prime factors of 10121.
29, 349
What are the prime factors of 1078?
2, 7, 11
What are the prime factors of 2257?
37, 61
What are the prime factors of 17225?
5, 13, 53
What are the prime factors of 878?
2, 439
List the prime factors of 35810.
2, 5, 3581
What are the prime factors of 57640?
2, 5, 11, 131
What are the prime factors of 9539?
9539
What are the prime factors of 3443?
11, 313
List the prime factors of 15334.
2, 11, 17, 41
List the prime factors of 10062.
2, 3, 13, 43
List the prime factors of 548.
2, 137
List the prime factors of 156334.
2, 78167
List the prime factors of 1010.
2, 5, 101
What are the prime factors of 122796?
2, 3, 379
What are the prime factors of 14591?
14591
List the prime factors of 11443.
11443
List the prime factors of 1318.
2, 659
List the prime factors of 870.
2, 3, 5, 29
List the prime factors of 4397.
4397
What are the prime factors of 5804?
2, 1451
What are the prime factors of 16?
2
List the prime factors of 3733.
3733
What are the prime factors of 34380?
2, 3, 5, 191
List the prime factors of 5711.
5711
What are the prime factors of 543?
3, 181
What are the prime factors of 14315?
5, 7, 409
What are the prime factors of 4067?
7, 83
What are the prime factors of 891?
3, 11
List the prime factors of 24163.
73, 331
List the prime factors of 144581.
163, 887
What are the prime factors of 454?
2, 227
What are the prime factors of 150053?
150053
List the prime factors of 1843.
19, 97
List the prime factors of 4015.
5, 11, 73
What are the prime factors of 61528?
2, 7691
List the prime factors of 2467.
2467
List the prime factors of 46089.
3, 569
What are the prime factors of 48?
2, 3
What are the prime factors of 23126?
2, 31, 373
What are the prime factors of 3824?
2, 239
List the prime factors of 4146.
2, 3, 691
What are the prime factors of 1883?
7, 269
List the prime factors of 1420.
2, 5, 71
List the prime factors of 2791.
2791
What are the prime factors of 1227?
3, 409
What are the prime factors of 1012?
2, 11, 23
List the prime factors of 21792.
2, 3, 227
List the prime factors of 25799.
25799
What are the prime factors of 197?
197
What are the prime factors of 2447?
2447
List the prime factors of 14421.
3, 11, 19, 23
What are the prime factors of 35156?
2, 11, 17, 47
List the prime factors of 5876.
2, 13, 113
List the prime factors of 53846.
2, 13, 19, 109
What are the prime factors of 1403?
23, 61
What are the prime factors of 536?
2, 67
What are the prime factors of 11381?
19, 599
What are the prime factors of 19553?
19553
List the prime factors of 579.
3, 193
What are the prime factors of 56650?
2, 5, 11, 103
What are the prime factors of 41799?
3, 13933
List the prime factors of 1228.
2, 307
What are the prime factors of 965?
5, 193
List the prime factors of 18393.
3, 6131
What are the prime factors of 3437?
7, 491
What are the prime factors of 1150?
2, 5, 23
List the prime factors of 684.
2, 3, 19
List the prime factors of 3248.
2, 7, 29
List the prime factors of 175375.
5, 23, 61
What are the prime factors of 525?
3, 5, 7
List the prime factors of 28723.
28723
What are the prime factors of 3415?
5, 683
What are the prime factors of 58001?
31, 1871
List the prime factors of 62499.
3, 83, 251
List the prime factors of 6743.
11, 613
What are the prime factors of 37309?
37309
List the prime factors of 7838.
2, 3919
What are the prime factors of 30584?
2, 3823
What are the prime factors of 4790?
2, 5, 479
List the prime factors of 1454.
2, 727
List the prime factors of 2257.
37, 61
What are the prime factors of 27018?
2, 3, 19, 79
What are the prime factors of 1022?
2, 7, 73
What are the prime factors of 1299?
3, 433
List the prime factors of 1491.
3, 7, 71
List the prime factors of 36632.
2, 19, 241
List the prime factors of 3876.
2, 3, 17, 19
What are the prime factors of 2718?
2, 3, 151
What are the prime factors of 3177?
3, 353
What are the prime factors of 2463?
3, 821
What are the prime factors of 3453?
3, 1151
What are the prime factors of 22982?
2, 11491
What are the prime factors of 12813?
3, 4271
List the prime factors of 1362.
2, 3, 227
List the prime factors